{"id":64,"date":"2025-11-12T16:05:45","date_gmt":"2025-11-12T19:05:45","guid":{"rendered":"https:\/\/aaesr.com.br\/?page_id=64"},"modified":"2025-11-12T16:05:45","modified_gmt":"2025-11-12T19:05:45","slug":"sobre-nos","status":"publish","type":"page","link":"https:\/\/aaesr.com.br\/index.php\/sobre-nos\/","title":{"rendered":"Sobre N\u00f3s"},"content":{"rendered":"\n<figure class=\"wp-block-image size-full is-resized\"><img loading=\"lazy\" decoding=\"async\" width=\"809\" height=\"377\" src=\"http:\/\/aaesr.com.br\/wp-content\/uploads\/2025\/11\/logo-2.png\" alt=\"\" class=\"wp-image-23\" style=\"width:464px;height:auto\" srcset=\"https:\/\/aaesr.com.br\/wp-content\/uploads\/2025\/11\/logo-2.png 809w, https:\/\/aaesr.com.br\/wp-content\/uploads\/2025\/11\/logo-2-300x140.png 300w, https:\/\/aaesr.com.br\/wp-content\/uploads\/2025\/11\/logo-2-768x358.png 768w\" sizes=\"auto, (max-width: 809px) 100vw, 809px\" \/><\/figure>\n\n\n\n<p>A Associa\u00e7\u00e3o dos Agentes Ecol\u00f3gicos de Santa Rita, pessoa jur\u00eddica de direito privado, fundada em 30 de Setembro de 2008, Associa\u00e7\u00e3o Privada sem fins lucrativos, tem como objetivo social principal, organizar a a\u00e7\u00e3o solid\u00e1ria de seus associados em suas atividades profissionais, proporcionando viabilidade econ\u00f4mica em suas tarefas de coleta, triagem,&nbsp; enfardamento, armazenamento e&nbsp; comercializa\u00e7\u00e3o de materiais recicl\u00e1veis. No cumprimento de sua finalidade, tem ainda a AAESR, a fun\u00e7\u00e3o de defender os interesses sociais de seus associados, buscar parcerias p\u00fablico\/privadas, entre empresas, outras associa\u00e7\u00f5es e cooperativas e agra, o Munic\u00edpio de Santa Rita do Passa Quatro;<\/p>\n\n\n\n<p>Fundada e ativa desde 2008, atuou firmemente nesses 15 anos para o prolongamento da vida \u00fatil do ASM (Aterro Sanit\u00e1rio Municipal), em fase atual de descomissionamento<a><\/a>.<\/p>\n\n\n\n<p>E diante deste trabalho, no in\u00edcio eram reciclados cerca de 50&nbsp; toneladas m\u00eas de produtos descartados, evitando o dep\u00f3sito dos mesmos junto \u00e0s valas do ASM. Com o passar dos anos, esse objetivo foi ficando cada vez mais dif\u00edcil de se atingir, em virtude de \u201ccatadores individuais\u201d, entre outras pessoas e cidad\u00e3os comuns do munic\u00edpio, que, segregam para si os materiais depositados no lixo dom\u00e9stico, principalmente os recicl\u00e1veis de maior valor agregado, como latinhas de alum\u00ednio, fios de cobre, plasticos, etc.<\/p>\n\n\n\n<p>E devido \u00e0 isso, a cada ano que passa, menos recicl\u00e1veis chega at\u00e9 o ASM, para que os \u201cAgentes Ecol\u00f3gicos da AAESR\u201d possam segreg\u00e1-los e vend\u00ea-los, restando hoje, apenas o material mais sujo, que chegava ao ASM em meio ao lixo comum, ao lixo org\u00e2nico e domiciliar, da ordem, hoje em dia, de 25 toneladas\/mes<\/p>\n\n\n\n<p>Mesmo assim, vale aqui o destaque para esses verdadeiros guardi\u00f5es do Meio Ambiente Santarritense, considerando, que numa mediana simples de 50 toneladas em 2012 a 25 toneladas em 2023 (no per\u00edodo de 11 anos), obt\u00e9m-se m\u00e9dia mensal de 37,5 toneladas\/m\u00eas de reciclagem no per\u00edodo de 132 meses.<\/p>\n\n\n\n<p>E se considerarmos que s\u00e3o necess\u00e1rias 20.000 garrafas pet de 2 litros para obter-se apenas 1 (uma)&nbsp; tonelada desse material, \u00e9 imposs\u00edvel n\u00e3o imaginar o quanto o trabalho desses Agentes Ecol\u00f3gicos n\u00e3o prorrogou o esgotamento das valas do ASM, e colaborou majestosamente com o meio ambiente de nosso munic\u00edpio.<\/p>\n\n\n\n<p>Persistindo ainda nesses dados, podemos dizer que em 11 anos de atua\u00e7\u00e3o junto ao ASM, os agentes ecol\u00f3gicos da AAESR evitaram de enterrar na vala,&nbsp; nada menos do que 4950 toneladas de res\u00edduos s\u00f3lidos (132 meses x 37,5 toneladas\/mes = 4950t\/periodo), quase 5000 toneladas de res\u00edduos.<\/p>\n\n\n\n<p>E supondo-se que, essas 5000 toneladas fossem de Garrafas PET vazias (que pesam 90g) cada, ter\u00edamos aproximadamente 55.555.555 garrafas pet enterradas no local, ocupando um espa\u00e7o de aproximadamente 92.592 m3 de \u00e1rea, haja vista que 1 m3 de garrafas pet (n\u00e3o prensadas, apenas amassadas) cont\u00e9m aproximadamente 600 garrafas.<\/p>\n\n\n\n<p>Assim, h\u00e1 de se ressaltar que a AAESR prorrogou a vida \u00fatil do ASM em, pelo menos, 10 anos, o que certamente evitou ao munic\u00edpio gastos muit\u00edssimo maiores em todos esses&nbsp; anos.<\/p>\n\n\n\n<p>A&nbsp; entidade tem como valores a \u00e9tica, a solidariedade, o respeito, a determina\u00e7\u00e3o, a f\u00e9, a responsabilidade, o comprometimento e a transpar\u00eancia, tendo como foco o desenvolvimento humano, social, educacional e cultural de pessoas em qualquer faixa et\u00e1ria, atuando na comunidade local de forma a agregar valor \u00e0 sociedade, principalmente trabalhadores que atuam na \u00e1rea da coleta de res\u00edduos recicl\u00e1veis.<\/p>\n\n\n\n<p>Desde a proposta e objetivos deste projeto, n\u00e3o se trata apenas em gerar renda a qualquer custo, mas de considerar aspectos como o protagonismo dos envolvidos, o cuidado com as quest\u00f5es ambientais, melhores condi\u00e7\u00f5es de vida dentro e fora do local de trabalho, o aumento da vida \u00fatil do Aterro Sanit\u00e1rio Municipal e criar condi\u00e7\u00f5es para que os resultados do projeto tenham impacto de curto, m\u00e9dio e longo prazos, visando o fortalecimento de v\u00ednculos familiares e comunit\u00e1rios de todos os envolvidos.<\/p>\n\n\n\n<p>At\u00e9 agora, a Associa\u00e7\u00e3o dos Agentes Ecol\u00f3gicos de Santa Rita, tria, prensa e acondiciona os materiais recicl\u00e1veis dispensados pelos mun\u00edcipes junto ao lixo dom\u00e9stico, realizando um \u00e1rduo trabalho na separa\u00e7\u00e3o desse material, comumente sujo, com mal cheiro, umedecido pelos rejeitos aliment\u00edcios da popula\u00e7\u00e3o e de valor de mercado depreciado, em virtude das m\u00e1s condi\u00e7\u00f5es de aproveitamento e limpeza dos mesmos.<\/p>\n\n\n\n<p>Com&nbsp; o advento da terceiriza\u00e7\u00e3o da coleta de lixo do munic\u00edpio, o que j\u00e1 era ruim, tornou-se muito pior, pois o recicl\u00e1vel que era tirado do lixo dom\u00e9stico, mesmo sujo, com mau cheiro, desvalorizado,&nbsp; n\u00e3o mais chega at\u00e9 os Agentes Ecol\u00f3gicos, em virtude de que a empresa vencedora da licita\u00e7\u00e3o tem por objetivo a coleta de todo material depositado para descarte nos quase 12000 domic\u00edlios de nossa cidade.<\/p>\n\n\n\n<p>Assim, este projeto, leva em conta a contrapartida&nbsp; social do Munic\u00edpio em favor daqueles que h\u00e1 15 anos , contribuem anonimamente com o prolongamento da vida \u00fatil do Aterro Sanit\u00e1rio Municipal. Ainda s\u00e3o cerca de 17 \u201cAgentes Ecol\u00f3gicos\u201d, pais e m\u00e3es de fam\u00edlia, que lutam arduamente para prover a seus dependentes um m\u00ednimo de dignidade e educa\u00e7\u00e3o, no rateio (em partes iguais), dos recursos oriundos da venda dos recicl\u00e1veis arduamente triados, enfardados e pesados,<\/p>\n\n\n\n<p>A educa\u00e7\u00e3o tamb\u00e9m faz parte do escopo de trabalho da Associa\u00e7\u00e3o dos Agentes Ecol\u00f3gicos de Santa Rita, onde, sempre se disp\u00f5em a realizar palestras, f\u00f3runs e outras campanhas de educa\u00e7\u00e3o ambiental e conscientiza\u00e7\u00e3o ecol\u00f3gica.<\/p>\n","protected":false},"excerpt":{"rendered":"<p>A Associa\u00e7\u00e3o dos Agentes Ecol\u00f3gicos de Santa Rita, pessoa jur\u00eddica de direito privado, fundada em 30 de Setembro de 2008, Associa\u00e7\u00e3o Privada sem fins lucrativos, tem como objetivo social principal, organizar a a\u00e7\u00e3o solid\u00e1ria de seus associados em suas atividades profissionais, proporcionando viabilidade econ\u00f4mica em suas tarefas de coleta, triagem,&nbsp; enfardamento, armazenamento e&nbsp; comercializa\u00e7\u00e3o de [&hellip;]<\/p>\n","protected":false},"author":1,"featured_media":0,"parent":0,"menu_order":0,"comment_status":"closed","ping_status":"closed","template":"","meta":{"footnotes":""},"class_list":["post-64","page","type-page","status-publish","hentry"],"_links":{"self":[{"href":"https:\/\/aaesr.com.br\/index.php\/wp-json\/wp\/v2\/pages\/64","targetHints":{"allow":["GET"]}}],"collection":[{"href":"https:\/\/aaesr.com.br\/index.php\/wp-json\/wp\/v2\/pages"}],"about":[{"href":"https:\/\/aaesr.com.br\/index.php\/wp-json\/wp\/v2\/types\/page"}],"author":[{"embeddable":true,"href":"https:\/\/aaesr.com.br\/index.php\/wp-json\/wp\/v2\/users\/1"}],"replies":[{"embeddable":true,"href":"https:\/\/aaesr.com.br\/index.php\/wp-json\/wp\/v2\/comments?post=64"}],"version-history":[{"count":1,"href":"https:\/\/aaesr.com.br\/index.php\/wp-json\/wp\/v2\/pages\/64\/revisions"}],"predecessor-version":[{"id":65,"href":"https:\/\/aaesr.com.br\/index.php\/wp-json\/wp\/v2\/pages\/64\/revisions\/65"}],"wp:attachment":[{"href":"https:\/\/aaesr.com.br\/index.php\/wp-json\/wp\/v2\/media?parent=64"}],"curies":[{"name":"wp","href":"https:\/\/api.w.org\/{rel}","templated":true}]}}